520232.
27
Calculate the highest common divisor of 580 and 513410.
10
Calculate the greatest common factor of 4225982 and 62.
62
Calculate the greatest common factor of 517 and 300988.
47
What is the highest common factor of 24351 and 3?
3
Calculate the greatest common divisor of 44500 and 650.
50
What is the greatest common factor of 186910 and 4?
2
Calculate the greatest common divisor of 5896 and 73432.
536
What is the greatest common factor of 828 and 7636?
92
Calculate the greatest common factor of 610 and 10126.
122
Calculate the greatest common factor of 25767981 and 207.
207
Calculate the highest common factor of 88 and 21956.
44
What is the greatest common divisor of 2576 and 4144?
112
What is the highest common factor of 67624 and 3476?
316
What is the highest common factor of 686 and 10094?
98
What is the greatest common factor of 64 and 52960?
32
What is the highest common factor of 6705496 and 16?
8
What is the greatest common factor of 1 and 37699?
1
What is the greatest common divisor of 396 and 14778?
18
What is the highest common factor of 572 and 17589?
143
Calculate the greatest common divisor of 216202 and 882.
14
What is the greatest common factor of 10420 and 30?
10
Calculate the highest common divisor of 1536 and 13854.
6
What is the greatest common divisor of 496 and 17267?
31
What is the greatest common divisor of 16 and 3348?
4
What is the highest common factor of 805 and 5911?
23
What is the highest common divisor of 1300 and 1357525?
325
What is the greatest common divisor of 500 and 478220?
20
What is the greatest common divisor of 18 and 241350?
6
Calculate the greatest common factor of 22 and 238326.
22
Calculate the highest common factor of 17 and 51986.
17
What is the greatest common divisor of 432 and 10704?
48
What is the highest common factor of 4 and 3760?
4
Calculate the greatest common divisor of 75 and 32805.
15
What is the greatest common factor of 368468 and 18717?
367
What is the greatest common factor of 187250 and 5250?
1750
Calculate the highest common divisor of 282 and 8047434.
282
What is the highest common divisor of 1944893 and 521?
521
What is the highest common divisor of 405889 and 11?
11
What is the greatest common factor of 136 and 336736?
136
Calculate the highest common divisor of 847 and 14.
7
What is the greatest common divisor of 9580 and 140?
20
Calculate the greatest common divisor of 1480 and 371702.
74
What is the highest common divisor of 1458 and 129033?
729
Calculate the highest common divisor of 3317 and 1116.
31
What is the greatest common factor of 7 and 3600387?
7
Calculate the greatest common divisor of 205 and 73923.
41
What is the greatest common factor of 9 and 807?
3
Calculate the highest common factor of 77 and 402941.
77
Calculate the greatest common divisor of 174032 and 152.
8
Calculate the greatest common factor of 135 and 32139.
9
Calculate the highest common divisor of 52 and 167050.
26
What is the greatest common factor of 1890 and 129990?
210
What is the greatest common factor of 28 and 5068?
28
What is the greatest common divisor of 12753 and 213?
3
Calculate the highest common divisor of 2525 and 28583.
101
Calculate the highest common divisor of 17 and 6893279.
17
What is the highest common factor of 4278 and 1587?
69
Calculate the highest common factor of 380 and 1026.
38
Calculate the greatest common factor of 56 and 4570776.
56
What is the greatest common factor of 4814 and 3886?
58
What is the highest common factor of 318 and 282066?
318
Calculate the highest common factor of 16 and 31448.
8
What is the highest common factor of 3995 and 35250?
235
Calculate the greatest common divisor of 1669 and 30280667.
1669
Calculate the greatest common factor of 32868 and 1162.
166
What is the greatest common factor of 95 and 63460?
95
Calculate the highest common divisor of 134055 and 30.
15
What is the highest common factor of 6795581 and 13?
13
What is the greatest common factor of 4128 and 22188?
516
Calculate the highest common factor of 74256 and 3.
3
What is the greatest common divisor of 3321830 and 10?
10
What is the highest common factor of 3011540 and 175?
35
Calculate the greatest common divisor of 897 and 3003.
39
Calculate the greatest common factor of 285493 and 117.
13
What is the greatest common factor of 248 and 79732?
124
Calculate the greatest common factor of 198 and 1060554.
66
What is the greatest common factor of 130 and 3310?
10
What is the greatest common divisor of 238 and 1696940?
238
What is the greatest common divisor of 4236893 and 17?
17
What is the greatest common factor of 3504 and 384?
48
What is the highest common factor of 5250 and 322?
14
What is the greatest common factor of 9126 and 4225?
169
What is the highest common divisor of 52488 and 12?
12
Calculate the greatest common divisor of 624 and 6357.
39
Calculate the greatest common divisor of 126 and 9674.
14
Calculate the greatest common factor of 266 and 11690.
14
What is the highest common factor of 7956 and 22100?
884
Calculate the greatest common factor of 5167749 and 397.
397
Calculate the highest common factor of 8975 and 4308.
359
What is the highest common factor of 147 and 502642?
49
What is the greatest common divisor of 870 and 35264?
58
Calculate the greatest common factor of 1773 and 5193.
9
What is the greatest common divisor of 126 and 147105?
63
What is the greatest common divisor of 44025 and 375?
75
What is the greatest common divisor of 1449 and 100602?
207
Calculate the greatest common factor of 3737 and 3434.
101
Calculate the highest common factor of 73429 and 97.
97
What is the highest common factor of 264 and 1127928?
24
Calculate the greatest common factor of 260580 and 2064.
516
Calculate the highest common divisor of 105 and 9600.
15
Calculate the greatest common factor of 114634 and 52.
26
What is the highest common divisor of 2705 and 3285?
5
What is the highest common divisor of 25 and 61785?
5
Calculate the highest common factor of 1984 and 18912.
32
Calculate the highest common divisor of 4374 and 891.
81
Calculate the highest common factor of 2590 and 1470.
70
What is the highest common divisor of 128605 and 2125?
85
Calculate the greatest common factor of 26752 and 4389.
209
Calculate the greatest common factor of 58 and 6293.
29
What is the greatest common factor of 8177 and 92833?
481
What is the highest common divisor of 5005 and 1638?
91
What is the highest common divisor of 472091 and 1784?
223
What is the highest common divisor of 6885 and 47790?
405
Calculate the highest common divisor of 196 and 6349.
7
Calculate the greatest common divisor of 4380 and 135.
15
What is the greatest common factor of 158275 and 975?
325
Calculate the highest common divisor of 180 and 13410.
90
What is the highest common factor of 325516 and 238?
34
What is the greatest common divisor of 4739 and 6272?
7
What is the highest common divisor of 8937 and 10261?
331
What is the highest common divisor of 793 and 4199?
13
Calculate the highest common factor of 1064 and 6517.
133
Calculate the greatest common factor of 11770 and 35.
5
Calculate the highest common divisor of 11 and 87593.
11
Calculate the highest common factor of 2783 and 32791.
121
Calculate the highest common divisor of 6702 and 417.
3
What is the greatest common factor of 290 and 19198?
58
What is the greatest common divisor of 848 and 1312?
16
Calculate the greatest common factor of 50531 and 575.
23
What is the highest common divisor of 74 and 167795?
37
What is the highest common divisor of 10121030 and 10?
10
Calculate the highest common divisor of 3182621 and 221.
221
What is the highest common divisor of 15584 and 8992?
32
Calculate the highest common factor of 11646 and 756.
18
What is the highest common factor of 2725 and 111071?
109
Calculate the highest common factor of 13193 and 316.
79
Calculate the highest common divisor of 390 and 3950.
10
Calculate the greatest common divisor of 211 and 222183.
211
Calculate the greatest common divisor of 1022 and 4942.
14
Calculate the highest common divisor of 7 and 151377.
1
What is the highest common factor of 1257837 and 21?
21
What is the greatest common factor of 4308761 and 303?
101
Calculate the greatest common divisor of 603706 